{"id":2,"date":"2015-09-06T10:30:43","date_gmt":"2015-09-06T10:30:43","guid":{"rendered":"http:\/\/turunpsykoterapiayhdistys.modernilapiomies.com\/?page_id=2"},"modified":"2026-03-31T19:11:49","modified_gmt":"2026-03-31T19:11:49","slug":"sample-page","status":"publish","type":"page","link":"https:\/\/turunpsykoterapiayhdistys.fi\/","title":{"rendered":"Yhdistys ja siihen liittyminen"},"content":{"rendered":"\n<div class=\"wp-block-media-text has-media-on-the-right is-stacked-on-mobile\"><div class=\"wp-block-media-text__content\">\n<p><br>Turun Psykoterapiayhdistys ry on perustettu 13.12.1967, ja se on Suomen vanhin psykoterapiayhdistys. J\u00e4seni\u00e4 yhdistyksess\u00e4 on noin 100.<\/p>\n\n\n\n<p>Yhdistys j\u00e4rjest\u00e4\u00e4 luento- ja keskustelutilaisuuksia psykoanalyyttisesta teoriasta ja psykoterapiasta. Vuosittain j\u00e4rjestet\u00e4\u00e4n kuusi iltaseminaaria ja kaksi laajempaa p\u00e4iv\u00e4seminaaria. Tilaisuudet on suunnattu psykoanalyyttisesta teoriasta ja hoidosta kiinnostuneille hoitovastuun piiriss\u00e4 oleville ammattihenkil\u00f6ille. Seminaariohjelman voi tilata yhdistyksen sihteerilt\u00e4 (maija.karakorpi@gmail.com).<\/p>\n\n\n\n<p>Yli 50 toimintavuotensa aikana Turun Psykoterapiayhdistys on ollut luonteva yhdysside psykoterapeuteille. Syksyll\u00e4 2015 yhdistys julkaisi kirjan Katse sis\u00e4iseen, jonka esite l\u00f6ytyy <a href=\"https:\/\/turunpsykoterapiayhdistys.fi\/index.php\/kirjaesittely\/\" target=\"_blank\" rel=\"noreferrer noopener\">Julkaisut<\/a>&nbsp;-sivulta. Yhdistyksen kirjasto toimii Poliklinikka Toivolan tiloissa osoitteessa Linnankatu 9 \u2013 11 A. Lis\u00e4ksi Turun Psykoterapiayhdistys on osaltaan yll\u00e4pit\u00e4m\u00e4ss\u00e4 \u201dterapeuttipankkia\u201d, joka helpottaa psykoterapiaan hakeutuvia vapaiden psykoterapiapaikkojen etsinn\u00e4ss\u00e4.<\/p>\n<\/div><figure class=\"wp-block-media-text__media\"><img loading=\"lazy\" decoding=\"async\" width=\"745\" height=\"1024\" src=\"https:\/\/turunpsykoterapiayhdistys.fi\/wp-content\/uploads\/2026\/01\/Studia-Generalia-2026-745x1024.jpg\" alt=\"\" class=\"wp-image-363 size-full\" srcset=\"https:\/\/turunpsykoterapiayhdistys.fi\/wp-content\/uploads\/2026\/01\/Studia-Generalia-2026-745x1024.jpg 745w, https:\/\/turunpsykoterapiayhdistys.fi\/wp-content\/uploads\/2026\/01\/Studia-Generalia-2026-218x300.jpg 218w, https:\/\/turunpsykoterapiayhdistys.fi\/wp-content\/uploads\/2026\/01\/Studia-Generalia-2026-768x1056.jpg 768w, https:\/\/turunpsykoterapiayhdistys.fi\/wp-content\/uploads\/2026\/01\/Studia-Generalia-2026-1117x1536.jpg 1117w, https:\/\/turunpsykoterapiayhdistys.fi\/wp-content\/uploads\/2026\/01\/Studia-Generalia-2026.jpg 1456w\" sizes=\"auto, (max-width: 745px) 100vw, 745px\" \/><\/figure><\/div>\n\n\n\n\n\n\n\n\n","protected":false},"excerpt":{"rendered":"<p>Turun Psykoterapiayhdistys ry on perustettu 13.12.1967, ja se on Suomen vanhin psykoterapiayhdistys. J\u00e4seni\u00e4 yhdistyksess\u00e4 on noin 100. Yhdistys j\u00e4rjest\u00e4\u00e4 luento- ja keskustelutilaisuuksia psykoanalyyttisesta teoriasta ja psykoterapiasta. Vuosittain j\u00e4rjestet\u00e4\u00e4n kuusi iltaseminaaria ja kaksi laajempaa p\u00e4iv\u00e4seminaaria. Tilaisuudet on suunnattu psykoanalyyttisesta teoriasta ja hoidosta kiinnostuneille hoitovastuun piiriss\u00e4 oleville ammattihenkil\u00f6ille. Seminaariohjelman voi tilata yhdistyksen sihteerilt\u00e4 (maija.karakorpi@gmail.com). Yli 50 toimintavuotensa&hellip; <a class=\"read-more\" href=\"https:\/\/turunpsykoterapiayhdistys.fi\/\">Read More<\/a><\/p>\n","protected":false},"author":1,"featured_media":0,"parent":0,"menu_order":1,"comment_status":"closed","ping_status":"closed","template":"page-nosidebar.php","meta":{"footnotes":""},"class_list":["post-2","page","type-page","status-publish","hentry"],"jetpack_sharing_enabled":true,"_links":{"self":[{"href":"https:\/\/turunpsykoterapiayhdistys.fi\/index.php\/wp-json\/wp\/v2\/pages\/2","targetHints":{"allow":["GET"]}}],"collection":[{"href":"https:\/\/turunpsykoterapiayhdistys.fi\/index.php\/wp-json\/wp\/v2\/pages"}],"about":[{"href":"https:\/\/turunpsykoterapiayhdistys.fi\/index.php\/wp-json\/wp\/v2\/types\/page"}],"author":[{"embeddable":true,"href":"https:\/\/turunpsykoterapiayhdistys.fi\/index.php\/wp-json\/wp\/v2\/users\/1"}],"replies":[{"embeddable":true,"href":"https:\/\/turunpsykoterapiayhdistys.fi\/index.php\/wp-json\/wp\/v2\/comments?post=2"}],"version-history":[{"count":21,"href":"https:\/\/turunpsykoterapiayhdistys.fi\/index.php\/wp-json\/wp\/v2\/pages\/2\/revisions"}],"predecessor-version":[{"id":366,"href":"https:\/\/turunpsykoterapiayhdistys.fi\/index.php\/wp-json\/wp\/v2\/pages\/2\/revisions\/366"}],"wp:attachment":[{"href":"https:\/\/turunpsykoterapiayhdistys.fi\/index.php\/wp-json\/wp\/v2\/media?parent=2"}],"curies":[{"name":"wp","href":"https:\/\/api.w.org\/{rel}","templated":true}]}}

<div class="wp-block-media-text has-media-on-the-right is-stacked-on-mobile"><div class="wp-block-media-text__content">
<p><br>Turun Psykoterapiayhdistys ry on perustettu 13.12.1967, ja se on Suomen vanhin psykoterapiayhdistys. Jäseniä yhdistyksessä on noin 100.</p>



<p>Yhdistys järjestää luento- ja keskustelutilaisuuksia psykoanalyyttisesta teoriasta ja psykoterapiasta. Vuosittain järjestetään kuusi iltaseminaaria ja kaksi laajempaa päiväseminaaria. Tilaisuudet on suunnattu psykoanalyyttisesta teoriasta ja hoidosta kiinnostuneille hoitovastuun piirissä oleville ammattihenkilöille. Seminaariohjelman voi tilata yhdistyksen sihteeriltä (maija.karakorpi@gmail.com).</p>



<p>Yli 50 toimintavuotensa aikana Turun Psykoterapiayhdistys on ollut luonteva yhdysside psykoterapeuteille. Syksyllä 2015 yhdistys julkaisi kirjan Katse sisäiseen, jonka esite löytyy <a href="https://turunpsykoterapiayhdistys.fi/index.php/kirjaesittely/" target="_blank" rel="noreferrer noopener">Julkaisut</a>&nbsp;-sivulta. Yhdistyksen kirjasto toimii Poliklinikka Toivolan tiloissa osoitteessa Linnankatu 9 – 11 A. Lisäksi Turun Psykoterapiayhdistys on osaltaan ylläpitämässä ”terapeuttipankkia”, joka helpottaa psykoterapiaan hakeutuvia vapaiden psykoterapiapaikkojen etsinnässä.</p>
</div><figure class="wp-block-media-text__media"><img loading="lazy" decoding="async" width="745" height="1024" src="https://turunpsykoterapiayhdistys.fi/wp-content/uploads/2026/01/Studia-Generalia-2026-745x1024.jpg" alt="" class="wp-image-363 size-full" srcset="https://turunpsykoterapiayhdistys.fi/wp-content/uploads/2026/01/Studia-Generalia-2026-745x1024.jpg 745w, https://turunpsykoterapiayhdistys.fi/wp-content/uploads/2026/01/Studia-Generalia-2026-218x300.jpg 218w, https://turunpsykoterapiayhdistys.fi/wp-content/uploads/2026/01/Studia-Generalia-2026-768x1056.jpg 768w, https://turunpsykoterapiayhdistys.fi/wp-content/uploads/2026/01/Studia-Generalia-2026-1117x1536.jpg 1117w, https://turunpsykoterapiayhdistys.fi/wp-content/uploads/2026/01/Studia-Generalia-2026.jpg 1456w" sizes="auto, (max-width: 745px) 100vw, 745px" /></figure></div>

<p>Turun Psykoterapiayhdistys ry on perustettu 13.12.1967, ja se on Suomen vanhin psykoterapiayhdistys. Jäseniä yhdistyksessä on noin 100. Yhdistys järjestää luento- ja keskustelutilaisuuksia psykoanalyyttisesta teoriasta ja psykoterapiasta. Vuosittain järjestetään kuusi iltaseminaaria ja kaksi laajempaa päiväseminaaria. Tilaisuudet on suunnattu psykoanalyyttisesta teoriasta ja hoidosta kiinnostuneille hoitovastuun piirissä oleville ammattihenkilöille. Seminaariohjelman voi tilata yhdistyksen sihteeriltä (maija.karakorpi@gmail.com). Yli 50 toimintavuotensa&hellip; <a class="read-more" href="https://turunpsykoterapiayhdistys.fi/">Read More</a></p>
