{"id":17,"date":"2015-09-09T04:51:51","date_gmt":"2015-09-09T04:51:51","guid":{"rendered":"http:\/\/turunpsykoterapiayhdistys.modernilapiomies.com\/?page_id=17"},"modified":"2026-01-29T07:38:13","modified_gmt":"2026-01-29T07:38:13","slug":"kirjaesittely","status":"publish","type":"page","link":"https:\/\/turunpsykoterapiayhdistys.fi\/index.php\/kirjaesittely\/","title":{"rendered":"Julkaisut"},"content":{"rendered":"<p>&nbsp;<\/p>\n<p>Turun Psykoterapiayhdistys on julkaissut kirjan Katse sis\u00e4iseen. Sen kirjoittajat ovat kokeneita psykoterapeutteja ja -analyytikoita. Kirjan ovat toimittaneet Kaija Eerola, Tarja Kokki-Saarinen, Seppo Sepp\u00e4nen ja Merja Tikka.\u00a0 <a href=\"https:\/\/turunpsykoterapiayhdistys.fi\/wp-content\/uploads\/2015\/09\/Kirjaesite.pdf\">Kirjaesite.<\/a><a href=\"https:\/\/turunpsykoterapiayhdistys.fi\/wp-content\/uploads\/2015\/09\/Katse_sisaan_kirjaesite.jpg\" target=\"_blank\" rel=\"noopener\"><img loading=\"lazy\" decoding=\"async\" class=\"alignright wp-image-19 \" src=\"https:\/\/turunpsykoterapiayhdistys.fi\/wp-content\/uploads\/2015\/09\/Katse_sisaan_kirjaesite.jpg\" alt=\"Katse_sisaan_kirjaesite\" width=\"265\" height=\"183\" \/><\/a> Esitteen saa suuremmaksi klikkaamalla kuvaa.<\/p>\n<p><strong>Tilausohjeet:<\/strong><\/p>\n<ul>\n<li>Kirjan voi noutaa Poliklinikka Toivolasta (Linnankatu 9-11 A 35, Turku) maksamalla hinnan, 20 euroa, Turun Psykoterapiayhdistyksen tilille (FI41 5711 6150 0378 99) ja esitt\u00e4m\u00e4ll\u00e4 kuitin poliklinikan virkailijalle<\/li>\n<li>Kirjan voi my\u00f6s tilata Marianne Lindstedtilt\u00e4 (marianne.lindstedt@outlook.com), hintaan 20 euroa + postituskulut 8,\u20ac.<\/li>\n<\/ul>\n<p><strong>\u00a0<\/strong><\/p>\n<p><strong>Kirjoittajat:<\/strong><\/p>\n<p>Jukka V\u00e4lim\u00e4ki:\u2026\u2026\u2026\u2026\u2026\u2026\u2026\u2026\u2026\u2026\u2026\u2026\u2026..N\u00e4k\u00f6kulmia psykoanalyysin teoriaan ja k\u00e4yt\u00e4nt\u00f6\u00f6n<\/p>\n<p>Mirja Malmberg ja Pirkko Niemel\u00e4:\u2026\u2026Miten opettaa psykodynaamista ymm\u00e4rt\u00e4mist\u00e4<\/p>\n<p>Aira Laine: \u2026\u2026\u2026\u2026\u2026\u2026\u2026\u2026\u2026\u2026\u2026\u2026\u2026\u2026\u2026\u2026Analyytikon transferenssi ja analyyttinen prosessi<\/p>\n<p>Simo Salonen:\u2026\u2026\u2026\u2026\u2026\u2026\u2026\u2026\u2026\u2026\u2026\u2026\u2026\u2026.Oidipuskompleksi hoitosuhteessa<\/p>\n<p>Kaija Eerola:\u2026\u2026\u2026\u2026\u2026\u2026\u2026\u2026\u2026\u2026\u2026\u2026\u2026\u2026\u2026.Psykoanalyysin ensimm\u00e4inen uni<\/p>\n<p>Pertti Muurinen:\u2026\u2026\u2026\u2026\u2026\u2026\u2026\u2026\u2026\u2026\u2026\u2026..Projektiivinen identifikaatio \u2013 kommunikaatiota vai intrapsyykkinen prosessi vai molempia?<\/p>\n<p>Matti Kein\u00e4nen:\u2026\u2026\u2026\u2026\u2026\u2026\u2026\u2026\u2026\u2026\u2026\u2026\u2026.Itses\u00e4\u00e4tely ja merkitysten muodostus ep\u00e4vakaan persoonallisuuden psykodynaamisessa psykoterapiassa<\/p>\n<p>Tapio Aaku:\u2026\u2026\u2026\u2026\u2026\u2026\u2026\u2026\u2026\u2026\u2026\u2026\u2026\u2026\u2026..Andre Greenin \u201dkuollut \u00e4iti\u201d: \u00e4idin masennus lapsen kokemusmaailmassa<\/p>\n<p>Simo Salonen:\u2026\u2026\u2026\u2026\u2026\u2026\u2026\u2026\u2026\u2026\u2026\u2026\u2026\u2026 Metapsykologinen n\u00e4k\u00f6kulma skitsofrenian ongelmaan<\/p>\n<p>Jukka Aaltonen, Yrj\u00f6 Alanen,<\/p>\n<p>Riitta Rasimus ja Viljo R\u00e4kk\u00f6l\u00e4inen:\u2026\u2026Psykoosin tarpeenmukainen hoito psykoterapiana<\/p>\n<p>Ilpo Lahti:\u2026\u2026\u2026\u2026\u2026\u2026\u2026\u2026\u2026\u2026\u2026\u2026\u2026\u2026\u2026\u2026\u2026Adoptiosta<\/p>\n<p>Katriina Kourula:\u2026\u2026\u2026\u2026\u2026\u2026\u2026\u2026\u2026\u2026\u2026\u2026\u2026Psykoanalyyttisi\u00e4 pohdintoja baletista<\/p>\n<p>Leena Bj\u00f6rklund:\u2026\u2026\u2026\u2026\u2026\u2026\u2026\u2026\u2026\u2026\u2026\u2026..\u201dPeikot p\u00e4ivytt\u00e4 vihaavat.\u201d Psykoterapeutti ja menetetyt mahdollisuudet<strong>\u00a0\u00a0\u00a0\u00a0\u00a0\u00a0\u00a0\u00a0\u00a0\u00a0\u00a0 <\/strong><\/p>\n<p><strong>\u00a0<\/strong><\/p>\n<p><strong>Kannen kuva<\/strong><\/p>\n<p>Otto M\u00e4kil\u00e4: He n\u00e4kev\u00e4t mit\u00e4 me emme n\u00e4e, 1939<strong>\u00a0\u00a0\u00a0 \u00a0\u00a0\u00a0\u00a0\u00a0\u00a0\u00a0\u00a0\u00a0\u00a0\u00a0\u00a0\u00a0<\/strong><\/p>\n<p>&nbsp;<\/p>\n","protected":false},"excerpt":{"rendered":"<p>&nbsp; Turun Psykoterapiayhdistys on julkaissut kirjan Katse sis\u00e4iseen. Sen kirjoittajat ovat kokeneita psykoterapeutteja ja -analyytikoita. Kirjan ovat toimittaneet Kaija Eerola, Tarja Kokki-Saarinen, Seppo Sepp\u00e4nen ja Merja Tikka.\u00a0 Kirjaesite. Esitteen saa suuremmaksi klikkaamalla kuvaa. Tilausohjeet: Kirjan voi noutaa Poliklinikka Toivolasta (Linnankatu 9-11 A 35, Turku) maksamalla hinnan, 20 euroa, Turun Psykoterapiayhdistyksen tilille (FI41 5711 6150 0378&hellip; <a class=\"read-more\" href=\"https:\/\/turunpsykoterapiayhdistys.fi\/index.php\/kirjaesittely\/\">Read More<\/a><\/p>\n","protected":false},"author":1,"featured_media":0,"parent":0,"menu_order":6,"comment_status":"closed","ping_status":"closed","template":"page-nosidebar.php","meta":{"footnotes":""},"class_list":["post-17","page","type-page","status-publish","hentry"],"jetpack_sharing_enabled":true,"_links":{"self":[{"href":"https:\/\/turunpsykoterapiayhdistys.fi\/index.php\/wp-json\/wp\/v2\/pages\/17","targetHints":{"allow":["GET"]}}],"collection":[{"href":"https:\/\/turunpsykoterapiayhdistys.fi\/index.php\/wp-json\/wp\/v2\/pages"}],"about":[{"href":"https:\/\/turunpsykoterapiayhdistys.fi\/index.php\/wp-json\/wp\/v2\/types\/page"}],"author":[{"embeddable":true,"href":"https:\/\/turunpsykoterapiayhdistys.fi\/index.php\/wp-json\/wp\/v2\/users\/1"}],"replies":[{"embeddable":true,"href":"https:\/\/turunpsykoterapiayhdistys.fi\/index.php\/wp-json\/wp\/v2\/comments?post=17"}],"version-history":[{"count":15,"href":"https:\/\/turunpsykoterapiayhdistys.fi\/index.php\/wp-json\/wp\/v2\/pages\/17\/revisions"}],"predecessor-version":[{"id":356,"href":"https:\/\/turunpsykoterapiayhdistys.fi\/index.php\/wp-json\/wp\/v2\/pages\/17\/revisions\/356"}],"wp:attachment":[{"href":"https:\/\/turunpsykoterapiayhdistys.fi\/index.php\/wp-json\/wp\/v2\/media?parent=17"}],"curies":[{"name":"wp","href":"https:\/\/api.w.org\/{rel}","templated":true}]}}